[INFO] cloning repository https://github.com/foresterre/pesttest
[INFO] running `Command { std: "git" "-c" "credential.helper=" "-c" "credential.helper=/workspace/cargo-home/bin/git-credential-null" "clone" "--bare" "https://github.com/foresterre/pesttest" "/workspace/cache/git-repos/https%3A%2F%2Fgithub.com%2Fforesterre%2Fpesttest", kill_on_drop: false }`
[INFO] [stderr] Cloning into bare repository '/workspace/cache/git-repos/https%3A%2F%2Fgithub.com%2Fforesterre%2Fpesttest'...
[INFO] running `Command { std: "git" "rev-parse" "HEAD", kill_on_drop: false }`
[INFO] [stdout] 29a43509acce20dc3aa7962efa3328e7184be53d
[INFO] checking foresterre/pesttest against master#cfbc6d4cf1acbac5c025acf8ed68929caa551df3 for pr-75494-beta
[INFO] running `Command { std: "git" "clone" "/workspace/cache/git-repos/https%3A%2F%2Fgithub.com%2Fforesterre%2Fpesttest" "/workspace/builds/worker-0/source", kill_on_drop: false }`
[INFO] [stderr] Cloning into '/workspace/builds/worker-0/source'...
[INFO] [stderr] done.
[INFO] validating manifest of git repo https://github.com/foresterre/pesttest on toolchain cfbc6d4cf1acbac5c025acf8ed68929caa551df3
[INFO] running `Command { std: "/workspace/cargo-home/bin/cargo" "+cfbc6d4cf1acbac5c025acf8ed68929caa551df3" "read-manifest" "--manifest-path" "Cargo.toml", kill_on_drop: false }`
[INFO] started tweaking git repo https://github.com/foresterre/pesttest
[INFO] finished tweaking git repo https://github.com/foresterre/pesttest
[INFO] tweaked toml for git repo https://github.com/foresterre/pesttest written to /workspace/builds/worker-0/source/Cargo.toml
[INFO] crate git repo https://github.com/foresterre/pesttest already has a lockfile, it will not be regenerated
[INFO] running `Command { std: "/workspace/cargo-home/bin/cargo" "+cfbc6d4cf1acbac5c025acf8ed68929caa551df3" "fetch" "--locked" "--manifest-path" "Cargo.toml", kill_on_drop: false }`
[INFO] [stderr] warning: the cargo feature `edition` is now stable and is no longer necessary to be listed in the manifest
[INFO] running `Command { std: "docker" "create" "-v" "/var/lib/crater-agent-workspace/builds/worker-0/target:/opt/rustwide/target:rw,Z" "-v" "/var/lib/crater-agent-workspace/builds/worker-0/source:/opt/rustwide/workdir:ro,Z" "-v" "/var/lib/crater-agent-workspace/cargo-home:/opt/rustwide/cargo-home:ro,Z" "-v" "/var/lib/crater-agent-workspace/rustup-home:/opt/rustwide/rustup-home:ro,Z" "-e" "SOURCE_DIR=/opt/rustwide/workdir" "-e" "CARGO_TARGET_DIR=/opt/rustwide/target" "-e" "CARGO_HOME=/opt/rustwide/cargo-home" "-e" "RUSTUP_HOME=/opt/rustwide/rustup-home" "-w" "/opt/rustwide/workdir" "-m" "1610612736" "--user" "0:0" "--network" "none" "rustops/crates-build-env@sha256:a636fd89d022f18117e1dc8fb37a0a009933cdbbe082814857f0e2024962d47c" "/opt/rustwide/cargo-home/bin/cargo" "+cfbc6d4cf1acbac5c025acf8ed68929caa551df3" "metadata" "--no-deps" "--format-version=1", kill_on_drop: false }`
[INFO] [stderr] WARNING: Your kernel does not support swap limit capabilities or the cgroup is not mounted. Memory limited without swap.
[INFO] [stdout] 4e6d7b57ddfcdeb4d3b4d6641f422c3298d3f8ef32b2b47be6ca78edccad3073
[INFO] running `Command { std: "docker" "start" "-a" "4e6d7b57ddfcdeb4d3b4d6641f422c3298d3f8ef32b2b47be6ca78edccad3073", kill_on_drop: false }`
[INFO] running `Command { std: "docker" "inspect" "4e6d7b57ddfcdeb4d3b4d6641f422c3298d3f8ef32b2b47be6ca78edccad3073", kill_on_drop: false }`
[INFO] running `Command { std: "docker" "rm" "-f" "4e6d7b57ddfcdeb4d3b4d6641f422c3298d3f8ef32b2b47be6ca78edccad3073", kill_on_drop: false }`
[INFO] [stdout] 4e6d7b57ddfcdeb4d3b4d6641f422c3298d3f8ef32b2b47be6ca78edccad3073
[INFO] running `Command { std: "docker" "create" "-v" "/var/lib/crater-agent-workspace/builds/worker-0/target:/opt/rustwide/target:rw,Z" "-v" "/var/lib/crater-agent-workspace/builds/worker-0/source:/opt/rustwide/workdir:ro,Z" "-v" "/var/lib/crater-agent-workspace/cargo-home:/opt/rustwide/cargo-home:ro,Z" "-v" "/var/lib/crater-agent-workspace/rustup-home:/opt/rustwide/rustup-home:ro,Z" "-e" "SOURCE_DIR=/opt/rustwide/workdir" "-e" "CARGO_TARGET_DIR=/opt/rustwide/target" "-e" "CARGO_INCREMENTAL=0" "-e" "RUST_BACKTRACE=full" "-e" "RUSTFLAGS=--cap-lints=forbid" "-e" "CARGO_HOME=/opt/rustwide/cargo-home" "-e" "RUSTUP_HOME=/opt/rustwide/rustup-home" "-w" "/opt/rustwide/workdir" "-m" "1610612736" "--user" "0:0" "--network" "none" "rustops/crates-build-env@sha256:a636fd89d022f18117e1dc8fb37a0a009933cdbbe082814857f0e2024962d47c" "/opt/rustwide/cargo-home/bin/cargo" "+cfbc6d4cf1acbac5c025acf8ed68929caa551df3" "check" "--frozen" "--all" "--all-targets" "--message-format=json", kill_on_drop: false }`
[INFO] [stdout] 63c7c81ff12fc54a5b8999a6798355305293b60ffc752923affc6018bf327fce
[INFO] [stderr] WARNING: Your kernel does not support swap limit capabilities or the cgroup is not mounted. Memory limited without swap.
[INFO] running `Command { std: "docker" "start" "-a" "63c7c81ff12fc54a5b8999a6798355305293b60ffc752923affc6018bf327fce", kill_on_drop: false }`
[INFO] [stderr] warning: the cargo feature `edition` is now stable and is no longer necessary to be listed in the manifest
[INFO] [stderr]    Compiling unicode-xid v0.0.4
[INFO] [stderr]    Compiling quote v0.3.15
[INFO] [stderr]    Compiling pest v1.0.6
[INFO] [stderr]    Compiling synom v0.11.3
[INFO] [stderr]    Compiling syn v0.11.11
[INFO] [stderr]    Compiling pest_derive v1.0.7
[INFO] [stderr]     Checking csv v0.1.0 (/opt/rustwide/workdir)
[INFO] [stdout] warning[E0705]: the feature `rust_2018_preview` is included in the Rust 2018 edition
[INFO] [stdout]  --> src/main.rs:1:12
[INFO] [stdout]   |
[INFO] [stdout] 1 | #![feature(rust_2018_preview)]
[INFO] [stdout]   |            ^^^^^^^^^^^^^^^^^
[INFO] [stdout] 
[INFO] [stdout] 
[INFO] [stdout] warning[E0705]: the feature `rust_2018_preview` is included in the Rust 2018 edition
[INFO] [stdout]  --> src/main.rs:1:12
[INFO] [stdout]   |
[INFO] [stdout] 1 | #![feature(rust_2018_preview)]
[INFO] [stdout]   |            ^^^^^^^^^^^^^^^^^
[INFO] [stdout] 
[INFO] [stdout] 
[INFO] [stdout] error: cannot find derive macro `Parser` in this scope
[INFO] [stdout]   --> src/main.rs:17:10
[INFO] [stdout]    |
[INFO] [stdout] 17 | #[derive(Parser)]
[INFO] [stdout]    |          ^^^^^^
[INFO] [stdout] 
[INFO] [stdout] 
[INFO] [stdout] error: cannot find attribute `grammar` in this scope
[INFO] [stdout]   --> src/main.rs:18:3
[INFO] [stdout]    |
[INFO] [stdout] 18 | #[grammar = "csv.pest"]
[INFO] [stdout]    |   ^^^^^^^
[INFO] [stdout] 
[INFO] [stdout] 
[INFO] [stdout] error[E0433]: failed to resolve: use of undeclared type or module `Rule`
[INFO] [stdout]   --> src/main.rs:22:45
[INFO] [stdout]    |
[INFO] [stdout] 22 |     let successful_parse = CSVParser::parse(Rule::field, "-273.15");
[INFO] [stdout]    |                                             ^^^^ use of undeclared type or module `Rule`
[INFO] [stdout] 
[INFO] [stdout] 
[INFO] [stdout] error[E0433]: failed to resolve: use of undeclared type or module `Rule`
[INFO] [stdout]   --> src/main.rs:25:47
[INFO] [stdout]    |
[INFO] [stdout] 25 |     let unsuccessful_parse = CSVParser::parse(Rule::field, "this is not a number");
[INFO] [stdout]    |                                               ^^^^ use of undeclared type or module `Rule`
[INFO] [stdout] 
[INFO] [stdout] 
[INFO] [stdout] error[E0554]: `#![feature]` may not be used on the beta release channel
[INFO] [stdout]  --> src/main.rs:1:1
[INFO] [stdout]   |
[INFO] [stdout] 1 | #![feature(rust_2018_preview)]
[INFO] [stdout]   | ^^^^^^^^^^^^^^^^^^^^^^^^^^^^^^
[INFO] [stdout] 
[INFO] [stdout] 
[INFO] [stdout] error: cannot find derive macro `Parser` in this scope
[INFO] [stdout]   --> src/main.rs:17:10
[INFO] [stdout]    |
[INFO] [stdout] 17 | #[derive(Parser)]
[INFO] [stdout]    |          ^^^^^^
[INFO] [stdout] 
[INFO] [stdout] 
[INFO] [stdout] error: cannot find attribute `grammar` in this scope
[INFO] [stdout]   --> src/main.rs:18:3
[INFO] [stdout]    |
[INFO] [stdout] 18 | #[grammar = "csv.pest"]
[INFO] [stdout]    |   ^^^^^^^
[INFO] [stdout] 
[INFO] [stdout] 
[INFO] [stdout] error[E0433]: failed to resolve: use of undeclared type or module `Rule`
[INFO] [stdout]   --> src/main.rs:22:45
[INFO] [stdout]    |
[INFO] [stdout] 22 |     let successful_parse = CSVParser::parse(Rule::field, "-273.15");
[INFO] [stdout]    |                                             ^^^^ use of undeclared type or module `Rule`
[INFO] [stdout] 
[INFO] [stdout] 
[INFO] [stdout] error[E0433]: failed to resolve: use of undeclared type or module `Rule`
[INFO] [stdout]   --> src/main.rs:25:47
[INFO] [stdout]    |
[INFO] [stdout] 25 |     let unsuccessful_parse = CSVParser::parse(Rule::field, "this is not a number");
[INFO] [stdout]    |                                               ^^^^ use of undeclared type or module `Rule`
[INFO] [stdout] 
[INFO] [stdout] 
[INFO] [stdout] error[E0554]: `#![feature]` may not be used on the beta release channel
[INFO] [stdout]  --> src/main.rs:1:1
[INFO] [stdout]   |
[INFO] [stdout] 1 | #![feature(rust_2018_preview)]
[INFO] [stdout]   | ^^^^^^^^^^^^^^^^^^^^^^^^^^^^^^
[INFO] [stdout] 
[INFO] [stdout] 
[INFO] [stdout] error[E0599]: no function or associated item named `parse` found for struct `CSVParser` in the current scope
[INFO] [stdout]   --> src/main.rs:22:39
[INFO] [stdout]    |
[INFO] [stdout] 19 | pub struct CSVParser;
[INFO] [stdout]    | --------------------- function or associated item `parse` not found for this
[INFO] [stdout] ...
[INFO] [stdout] 22 |     let successful_parse = CSVParser::parse(Rule::field, "-273.15");
[INFO] [stdout]    |                                       ^^^^^ function or associated item not found in `CSVParser`
[INFO] [stdout]    |
[INFO] [stdout]    = help: items from traits can only be used if the trait is implemented and in scope
[INFO] [stdout]    = note: the following trait defines an item `parse`, perhaps you need to implement it:
[INFO] [stdout]            candidate #1: `pest::Parser`
[INFO] [stdout] 
[INFO] [stdout] 
[INFO] [stdout] error[E0599]: no function or associated item named `parse` found for struct `CSVParser` in the current scope
[INFO] [stdout]   --> src/main.rs:25:41
[INFO] [stdout]    |
[INFO] [stdout] 19 | pub struct CSVParser;
[INFO] [stdout]    | --------------------- function or associated item `parse` not found for this
[INFO] [stdout] ...
[INFO] [stdout] 25 |     let unsuccessful_parse = CSVParser::parse(Rule::field, "this is not a number");
[INFO] [stdout]    |                                         ^^^^^ function or associated item not found in `CSVParser`
[INFO] [stdout]    |
[INFO] [stdout]    = help: items from traits can only be used if the trait is implemented and in scope
[INFO] [stdout]    = note: the following trait defines an item `parse`, perhaps you need to implement it:
[INFO] [stdout]            candidate #1: `pest::Parser`
[INFO] [stdout] 
[INFO] [stdout] 
[INFO] [stdout] warning: unused import: `pest::Parser`
[INFO] [stdout]  --> src/main.rs:4:5
[INFO] [stdout]   |
[INFO] [stdout] 4 | use pest::Parser;
[INFO] [stdout]   |     ^^^^^^^^^^^^
[INFO] [stdout]   |
[INFO] [stdout]   = note: `#[warn(unused_imports)]` on by default
[INFO] [stdout] 
[INFO] [stdout] 
[INFO] [stdout] error[E0599]: no function or associated item named `parse` found for struct `CSVParser` in the current scope
[INFO] [stdout]   --> src/main.rs:22:39
[INFO] [stdout]    |
[INFO] [stdout] 19 | pub struct CSVParser;
[INFO] [stdout]    | --------------------- function or associated item `parse` not found for this
[INFO] [stdout] ...
[INFO] [stdout] 22 |     let successful_parse = CSVParser::parse(Rule::field, "-273.15");
[INFO] [stdout]    |                                       ^^^^^ function or associated item not found in `CSVParser`
[INFO] [stdout]    |
[INFO] [stdout]    = help: items from traits can only be used if the trait is implemented and in scope
[INFO] [stdout]    = note: the following trait defines an item `parse`, perhaps you need to implement it:
[INFO] [stdout]            candidate #1: `pest::Parser`
[INFO] [stdout] 
[INFO] [stdout] 
[INFO] [stdout] error: aborting due to 7 previous errors; 2 warnings emitted
[INFO] [stdout] 
[INFO] [stdout] 
[INFO] [stdout] Some errors have detailed explanations: E0433, E0554, E0599, E0705.
[INFO] [stdout] 
[INFO] [stdout] For more information about an error, try `rustc --explain E0433`.
[INFO] [stdout] 
[INFO] [stdout] error[E0599]: no function or associated item named `parse` found for struct `CSVParser` in the current scope
[INFO] [stdout]   --> src/main.rs:25:41
[INFO] [stdout]    |
[INFO] [stdout] 19 | pub struct CSVParser;
[INFO] [stdout]    | --------------------- function or associated item `parse` not found for this
[INFO] [stdout] ...
[INFO] [stdout] 25 |     let unsuccessful_parse = CSVParser::parse(Rule::field, "this is not a number");
[INFO] [stdout]    |                                         ^^^^^ function or associated item not found in `CSVParser`
[INFO] [stdout]    |
[INFO] [stdout]    = help: items from traits can only be used if the trait is implemented and in scope
[INFO] [stdout]    = note: the following trait defines an item `parse`, perhaps you need to implement it:
[INFO] [stdout]            candidate #1: `pest::Parser`
[INFO] [stdout] 
[INFO] [stdout] 
[INFO] [stdout] warning: unused import: `pest::Parser`
[INFO] [stdout]  --> src/main.rs:4:5
[INFO] [stdout]   |
[INFO] [stdout] 4 | use pest::Parser;
[INFO] [stdout]   |     ^^^^^^^^^^^^
[INFO] [stdout]   |
[INFO] [stdout]   = note: `#[warn(unused_imports)]` on by default
[INFO] [stdout] 
[INFO] [stdout] 
[INFO] [stdout] error: aborting due to 7 previous errors; 2 warnings emitted
[INFO] [stdout] 
[INFO] [stdout] 
[INFO] [stdout] Some errors have detailed explanations: E0433, E0554, E0599, E0705.
[INFO] [stdout] 
[INFO] [stdout] For more information about an error, try `rustc --explain E0433`.
[INFO] [stdout] 
[INFO] [stderr] error: could not compile `csv`.
[INFO] [stderr] 
[INFO] [stderr] To learn more, run the command again with --verbose.
[INFO] [stderr] warning: build failed, waiting for other jobs to finish...
[INFO] [stderr] error: build failed
[INFO] running `Command { std: "docker" "inspect" "63c7c81ff12fc54a5b8999a6798355305293b60ffc752923affc6018bf327fce", kill_on_drop: false }`
[INFO] running `Command { std: "docker" "rm" "-f" "63c7c81ff12fc54a5b8999a6798355305293b60ffc752923affc6018bf327fce", kill_on_drop: false }`
[INFO] [stdout] 63c7c81ff12fc54a5b8999a6798355305293b60ffc752923affc6018bf327fce
